divided by 227.
41
What is the remainder when 45690 is divided by 4889?
1689
What is the remainder when 128395 is divided by 1740?
1375
What is the remainder when 3372623 is divided by 2?
1
Calculate the remainder when 3451440 is divided by 9.
3
Calculate the remainder when 127917 is divided by 127711.
206
What is the remainder when 358726 is divided by 2213?
220
Calculate the remainder when 56913 is divided by 219.
192
What is the remainder when 131115759 is divided by 1626?
1623
Calculate the remainder when 127535435 is divided by 2990.
2965
Calculate the remainder when 1849612 is divided by 369847.
377
What is the remainder when 42968 is divided by 21035?
898
What is the remainder when 559361 is divided by 186417?
110
What is the remainder when 786883 is divided by 196699?
87
Calculate the remainder when 809408 is divided by 269795.
23
What is the remainder when 5564903 is divided by 695600?
103
Calculate the remainder when 60441093 is divided by 715.
713
What is the remainder when 1192744 is divided by 135?
19
What is the remainder when 4178223 is divided by 249?
3
What is the remainder when 312533 is divided by 152627?
7279
What is the remainder when 10707087 is divided by 3569029?
0
Calculate the remainder when 11751563 is divided by 1629.
1586
Calculate the remainder when 5076448 is divided by 120.
88
Calculate the remainder when 326485 is divided by 108468.
1081
Calculate the remainder when 44993 is divided by 366.
341
What is the remainder when 284980 is divided by 94933?
181
Calculate the remainder when 1279493 is divided by 1279360.
133
Calculate the remainder when 137577 is divided by 2740.
577
Calculate the remainder when 14648 is divided by 1621.
59
What is the remainder when 618254 is divided by 617335?
919
What is the remainder when 192385449 is divided by 998?
989
What is the remainder when 95113 is divided by 30362?
4027
Calculate the remainder when 1100156 is divided by 1032.
44
Calculate the remainder when 16938854 is divided by 57.
50
What is the remainder when 22357124 is divided by 1187?
1166
Calculate the remainder when 7507391 is divided by 25.
16
What is the remainder when 80127 is divided by 2011?
1698
Calculate the remainder when 797656 is divided by 606.
160
Calculate the remainder when 24053405 is divided by 90.
5
What is the remainder when 24699 is divided by 19619?
5080
What is the remainder when 53063 is divided by 2035?
153
Calculate the remainder when 7384793 is divided by 3692390.
13
What is the remainder when 2645447 is divided by 20506?
173
What is the remainder when 5521432 is divided by 29060?
32
What is the remainder when 42432 is divided by 82?
38
What is the remainder when 2095944 is divided by 4343?
2618
What is the remainder when 1678302 is divided by 113?
26
Calculate the remainder when 321148047 is divided by 2632361.
5
Calculate the remainder when 1922534 is divided by 303.
302
Calculate the remainder when 4186033 is divided by 3618.
7
What is the remainder when 136690727 is divided by 16?
7
Calculate the remainder when 1934441 is divided by 475.
241
What is the remainder when 10078220 is divided by 19?
12
Calculate the remainder when 4849453 is divided by 5517.
10
Calculate the remainder when 5848525 is divided by 487374.
37
Calculate the remainder when 1009522 is divided by 10973.
6
Calculate the remainder when 35368391 is divided by 8842094.
15
What is the remainder when 49550 is divided by 72?
14
What is the remainder when 74471 is divided by 364?
215
What is the remainder when 1084514 is divided by 9189?
212
What is the remainder when 3278215 is divided by 917?
857
What is the remainder when 30658530 is divided by 10219510?
0
Calculate the remainder when 21049 is divided by 531.
340
What is the remainder when 219064 is divided by 31275?
139
What is the remainder when 429769 is divided by 28570?
1219
Calculate the remainder when 9339791 is divided by 196.
195
What is the remainder when 1233881 is divided by 154?
33
What is the remainder when 574951 is divided by 16887?
793
What is the remainder when 102768 is divided by 1417?
744
What is the remainder when 1232345 is divided by 188?
5
Calculate the remainder when 472954 is divided by 799.
745
Calculate the remainder when 13947299 is divided by 86.
77
What is the remainder when 397465 is divided by 635?
590
What is the remainder when 8147751 is divided by 7030?
7011
What is the remainder when 1672381 is divided by 318?
19
Calculate the remainder when 2089106 is divided by 45410.
246
Calculate the remainder when 11848524 is divided by 4886.
4860
What is the remainder when 19068312 is divided by 200719?
7
What is the remainder when 1115552 is divided by 7065?
6347
What is the remainder when 129550 is divided by 25838?
360
Calculate the remainder when 36092 is divided by 7201.
87
What is the remainder when 891931 is divided by 1749?
1690
What is the remainder when 31741589 is divided by 32?
21
Calculate the remainder when 270875 is divided by 67591.
511
Calculate the remainder when 38272767 is divided by 135.
132
Calculate the remainder when 21807613 is divided by 2623.
2614
What is the remainder when 14052124 is divided by 253?
251
Calculate the remainder when 352128 is divided by 1012.
964
Calculate the remainder when 824726 is divided by 5768.
5670
What is the remainder when 18568 is divided by 759?
352
What is the remainder when 3867163 is divided by 28?
27
What is the remainder when 25796069 is divided by 2584?
2581
What is the remainder when 171953 is divided by 6411?
5267
What is the remainder when 74990283 is divided by 614?
7
What is the remainder when 398575 is divided by 99273?
1483
What is the remainder when 4271496 is divided by 11?
9
What is the remainder when 33050 is divided by 112?
10
What is the remainder when 948220 is divided by 5712?
28
Calculate the remainder when 663697 is divided by 194.
23
Calculate the remainder when 367486 is divided by 1865.
81
Calculate the remainder when 52257046 is divided by 2357.
2356
Calculate the remainder when 24668 is divided by 24641.
27
What is the remainder when 37864 is divided by 378?
64
What is the remainder when 1121249 is divided by 560590?
69
Calculate the remainder when 26070 is divided by 3192.
534
Calculate the remainder when 3353491 is divided by 5340.
5311
Calculate the remainder when 396842 is divided by 198370.
102
What is the remainder when 473300 is divided by 2886?
2882
Calculate the remainder when 333971 is divided by 44.
11
What is the remainder when 59423441 is divided by 1449352?
9
What is the remainder when 3233938 is divided by 419?
96
Calculate the remainder when 90014098 is divided by 5489.
5476
Calculate the remainder when 15706 is divided by 1109.
180
Calculate the remainder when 41808849 is divided by 8361756.
69
What is the remainder when 3322714 is divided by 89803?
3
Calculate the remainder when 3801059 is divided by 140777.
80
What is the remainder when 646596213 is divided by 6986?
6983
Calculate the remainder when 10872 is divided by 1723.
534
Calculate the remainder when 9848 is divided by 3575.
2698
Calculate the remainder when 11391248 is divided by 39280.
48
Calculate the remainder when 6208441 is divided by 344912.
25
What is the remainder when 1295055 is divided by 51802?
5
Calculate the remainder when 1765984 is divided by 147163.
28
Calculate the remainder when 7083215 is divided by 112.
111
What is the remainder when 2670012 is divided by 625?
12
Calculate the remainder when 282776 is divided by 490.
46
Calculate the remainder when 175513990 is divided by 43.
30
Calculate the remainder when 128869 is divided by 232.
109
Calculate the remainder when 1292913 is divided by 187.
182
Calculate the remainder when 6969129 is divided by 3219.
3213
What is the remainder when 6528 is divided by 1078?
60
Calculate the remainder when 84993 is divided by 1993.
1287
What is the remainder when 41467138 is divided by 405?
403
What is the remainder when 1764480 is divided by 80?
0
What is the remainder when 134228 is divided by 245?
213
Calculate the remainder when 523946 is divided by 2056.
1722
What is the remainder when 97277 is divided by 47762?
1753
Calculate the remainder when 764263 is divided by 977.
249
Calculate the remainder when 2572032 is divided b